{"id":2,"date":"2016-01-25T11:26:17","date_gmt":"2016-01-25T09:26:17","guid":{"rendered":"http:\/\/www.brisbane.sk\/?page_id=2"},"modified":"2021-01-30T12:46:54","modified_gmt":"2021-01-30T10:46:54","slug":"ukazka-strany","status":"publish","type":"page","link":"https:\/\/www.brisbane.sk\/","title":{"rendered":""},"content":{"rendered":"<blockquote>\n<p style=\"text-align: center;\">Brisbane je projektovo-in\u017einierska kancel\u00e1ria. \u0160pecializujeme sa na projektovanie statiky stavieb a podpern\u00fdch kon\u0161trukci\u00ed pre technologick\u00e9 zariadenia a rozvody. Poskytujeme aj in\u017einierske slu\u017eby, poradenstvo ako aj optimaliz\u00e1ciu hotov\u00fdch projektov.<\/p>\n<p>&nbsp;<\/p><\/blockquote>\n<p>&nbsp;<\/p>\n<h3 style=\"text-align: center;\">NA\u0160E PROJEKTY<\/h3>\n<p>&nbsp;<\/p>\n<table border=\"0\" cellspacing=\"1\" bgcolor=\"WHITE\">\n<tbody>\n<tr>\n<td style=\"text-align: center;\">\n<h6><img decoding=\"async\" class=\"aligncenter\" src=\"http:\/\/www.brisbane.sk\/wp-content\/uploads\/2016\/02\/Just-Play-1-e1456820733637.jpg\" alt=\"short description\" \/><\/h6>\n<h5><a href=\"http:\/\/www.brisbane.sk\/?page_id=25\">Ve\u013ekoobchodn\u00e9 stredisko JUST PLAY,<\/a><\/h5>\n<h5><a href=\"http:\/\/www.brisbane.sk\/?page_id=25\">Bratislava, SR<\/a><\/h5>\n<\/td>\n<td style=\"text-align: center;\"><img loading=\"lazy\" decoding=\"async\" class=\"aligncenter\" src=\"http:\/\/www.brisbane.sk\/wp-content\/uploads\/2016\/02\/Symphony-e1456820996253.jpg\" alt=\"short description\" width=\"155\" height=\"233\" \/><\/p>\n<h5><a href=\"http:\/\/www.brisbane.sk\/?page_id=25\">Symphony, Amsterdam, <\/a><\/h5>\n<h5><a href=\"http:\/\/www.brisbane.sk\/?page_id=25\">Holandsko, 2007<\/a><\/h5>\n<\/td>\n<\/tr>\n<tr>\n<td style=\"text-align: center;\">&nbsp;<\/p>\n<p><img loading=\"lazy\" decoding=\"async\" class=\"alignnone wp-image-140\" src=\"http:\/\/www.brisbane.sk\/wp-content\/uploads\/2016\/01\/1-225x300.jpg\" alt=\"1\" width=\"180\" height=\"240\" srcset=\"https:\/\/www.brisbane.sk\/wp-content\/uploads\/2016\/01\/1-225x300.jpg 225w, https:\/\/www.brisbane.sk\/wp-content\/uploads\/2016\/01\/1-768x1024.jpg 768w, https:\/\/www.brisbane.sk\/wp-content\/uploads\/2016\/01\/1.jpg 934w\" sizes=\"auto, (max-width: 180px) 100vw, 180px\" \/><\/p>\n<h5><a href=\"http:\/\/www.brisbane.sk\/?page_id=25\"><span style=\"font-family: Times New Roman,serif;\"><span style=\"font-size: medium;\"><span lang=\"sk-SK\">SHARQ 3rd Expension Project Polyethylene Plant, Jubail, <\/span><\/span><\/span><\/a><\/h5>\n<h5><a href=\"http:\/\/www.brisbane.sk\/?page_id=25\"><span style=\"font-family: Times New Roman,serif;\"><span style=\"font-size: medium;\"><span lang=\"sk-SK\">SauDsk\u00e1 Ar\u00e1bia<\/span><\/span><\/span><\/a><\/h5>\n<\/td>\n<td style=\"text-align: center;\"><img loading=\"lazy\" decoding=\"async\" class=\"alignnone size-medium wp-image-141\" src=\"http:\/\/www.brisbane.sk\/wp-content\/uploads\/2016\/01\/2-300x221.jpg\" alt=\"2\" width=\"300\" height=\"221\" srcset=\"https:\/\/www.brisbane.sk\/wp-content\/uploads\/2016\/01\/2-300x221.jpg 300w, https:\/\/www.brisbane.sk\/wp-content\/uploads\/2016\/01\/2-768x567.jpg 768w, https:\/\/www.brisbane.sk\/wp-content\/uploads\/2016\/01\/2-1024x756.jpg 1024w, https:\/\/www.brisbane.sk\/wp-content\/uploads\/2016\/01\/2.jpg 1387w\" sizes=\"auto, (max-width: 300px) 100vw, 300px\" \/><\/p>\n<h5><\/h5>\n<h5><a href=\"http:\/\/www.brisbane.sk\/?page_id=25\">REKON\u0160TRUKCIA CHATY HARM\u00d3NIA <\/a><\/h5>\n<h5><a href=\"http:\/\/www.brisbane.sk\/?page_id=25\">Modra,<\/a><\/h5>\n<\/td>\n<\/tr>\n<tr>\n<td style=\"text-align: center;\">\n<h6><img loading=\"lazy\" decoding=\"async\" class=\"alignnone size-medium wp-image-159\" src=\"http:\/\/www.brisbane.sk\/wp-content\/uploads\/2016\/01\/FFF-300x225.jpg\" alt=\"FFF\" width=\"300\" height=\"225\" srcset=\"https:\/\/www.brisbane.sk\/wp-content\/uploads\/2016\/01\/FFF-300x225.jpg 300w, https:\/\/www.brisbane.sk\/wp-content\/uploads\/2016\/01\/FFF.jpg 640w\" sizes=\"auto, (max-width: 300px) 100vw, 300px\" \/><\/h6>\n<h5><a href=\"http:\/\/www.brisbane.sk\/?page_id=25\">Nadzemn\u00e1 kontajnerov\u00e1 \u010derpacia stanica TIR Petroleum, <\/a><\/h5>\n<h5><a href=\"http:\/\/www.brisbane.sk\/?page_id=25\">Trnava, SR<\/a><\/h5>\n<\/td>\n<td style=\"text-align: center;\"><\/td>\n<\/tr>\n<\/tbody>\n<\/table>\n","protected":false},"excerpt":{"rendered":"<p>Brisbane je projektovo-in\u017einierska kancel\u00e1ria. \u0160pecializujeme sa na projektovanie statiky stavieb a podpern\u00fdch kon\u0161trukci\u00ed pre technologick\u00e9 zariadenia a rozvody. Poskytujeme aj in\u017einierske slu\u017eby, poradenstvo ako aj optimaliz\u00e1ciu hotov\u00fdch projektov. &nbsp; &nbsp; NA\u0160E PROJEKTY &nbsp; Ve\u013ekoobchodn\u00e9 stredisko JUST PLAY, Bratislava, SR Symphony, Amsterdam, Holandsko, 2007 &nbsp; SHARQ 3rd Expension Project Polyethylene Plant,&hellip;<\/p>\n<p class=\"more-link-wrapper\"><a class=\"more-link\" href=\"https:\/\/www.brisbane.sk\/\">Continue<\/a><\/p>\n","protected":false},"author":1,"featured_media":0,"parent":0,"menu_order":0,"comment_status":"closed","ping_status":"open","template":"page-templates\/template-fullwidth.php","meta":{"footnotes":""},"class_list":["post-2","page","type-page","status-publish","hentry"],"_links":{"self":[{"href":"https:\/\/www.brisbane.sk\/index.php?rest_route=\/wp\/v2\/pages\/2","targetHints":{"allow":["GET"]}}],"collection":[{"href":"https:\/\/www.brisbane.sk\/index.php?rest_route=\/wp\/v2\/pages"}],"about":[{"href":"https:\/\/www.brisbane.sk\/index.php?rest_route=\/wp\/v2\/types\/page"}],"author":[{"embeddable":true,"href":"https:\/\/www.brisbane.sk\/index.php?rest_route=\/wp\/v2\/users\/1"}],"replies":[{"embeddable":true,"href":"https:\/\/www.brisbane.sk\/index.php?rest_route=%2Fwp%2Fv2%2Fcomments&post=2"}],"version-history":[{"count":30,"href":"https:\/\/www.brisbane.sk\/index.php?rest_route=\/wp\/v2\/pages\/2\/revisions"}],"predecessor-version":[{"id":573,"href":"https:\/\/www.brisbane.sk\/index.php?rest_route=\/wp\/v2\/pages\/2\/revisions\/573"}],"wp:attachment":[{"href":"https:\/\/www.brisbane.sk\/index.php?rest_route=%2Fwp%2Fv2%2Fmedia&parent=2"}],"curies":[{"name":"wp","href":"https:\/\/api.w.org\/{rel}","templated":true}]}}