{"id":121,"date":"2016-06-10T08:51:21","date_gmt":"2016-06-10T06:51:21","guid":{"rendered":"http:\/\/www.brisbane.sk\/?page_id=121"},"modified":"2021-01-30T12:47:31","modified_gmt":"2021-01-30T10:47:31","slug":"cennik","status":"publish","type":"page","link":"https:\/\/www.brisbane.sk\/?page_id=121","title":{"rendered":"Cenn\u00edk"},"content":{"rendered":"<p style=\"text-align: justify;\"><span style=\"font-size: medium;\"><strong>Stanovenie ceny<\/strong><\/span><\/p>\n<blockquote><p>Pri ur\u010dovan\u00ed ceny pristupujeme individu\u00e1lne ku ka\u017ed\u00e9mu klientovi. Cena je stanoven\u00e1 pod\u013ea zlo\u017eitosti a\u00a0rozsahu projektu. Vych\u00e1dzame z\u00a0cenn\u00edka na v\u00fdpo\u010det ponukov\u00fdch cien projektov\u00fdch pr\u00e1c a\u00a0in\u017einierskych \u010dinnost\u00ed vo v\u00fdstavbe vydan\u00e9ho SKSI, a zo sadzobn\u00edka UNIKA.<\/p>\n<p>&nbsp;<\/p>\n<p>Orienta\u010dn\u00e1 cena za projekt statiky pre stavebn\u00e9 povolenie (PSP) je 0,3-0,9%.<\/p>\n<p>Za realiza\u010dn\u00fd projekt statiky (RP) je cena 0,4-2,0% zo zapo\u010d\u00edtate\u013en\u00fdch n\u00e1kladov stavby.<\/p><\/blockquote>\n<p style=\"text-align: justify;\"><span style=\"font-size: medium;\"><br \/>\n<strong>Hodinov\u00e9 sadzby<\/strong><\/span><\/p>\n<ul style=\"text-align: justify;\">\n<ul style=\"text-align: justify;\">\n<li>Pr\u00e1ce na posudkoch: 25\u20ac &#8211; 30\u20ac\/hod<\/li>\n<li>Obhliadky stavby: 20\u20ac\/hod<\/li>\n<li>Autorsk\u00fd dozor: 25\u20ac\/hod<\/li>\n<li>Konzult\u00e1cie: 20\u20ac\/hod<\/li>\n<li>Cestovn\u00e9 n\u00e1klady: 0,40\u20ac\/km<\/li>\n<\/ul>\n<\/ul>\n<p>&nbsp;<\/p>\n<p style=\"text-align: justify;\"><span style=\"font-size: medium;\"><strong>Pr\u00edklady typov posudkov a projektov statiky na men\u0161ie stavby<\/strong><\/span><\/p>\n<p style=\"text-align: justify;\">Projekt statiky na novostavbu rodinn\u00e9ho domu v rozsahu PSP v z\u00e1vislosti od ve\u013ekosti a zlo\u017eitosti je od 200\u20ac do 1000\u20ac.\u00a0 V rozsahu RP od 500\u20ac do 2500\u20ac.<\/p>\n<p style=\"text-align: justify;\">V pr\u00edpade projektu statiky na pr\u00edstavbu, nadstavbu, rekon\u0161trukciu je zv\u00e4\u010d\u0161a potrebn\u00e9 okrem nov\u00fdch nosn\u00fdch kon\u0161trukci\u00ed pos\u00fadi\u0165 aj p\u00f4vodn\u00e9 pri\u0165a\u017eovan\u00e9 a zmenen\u00e9 \u010dasti stavby. Z toho d\u00f4vodu m\u00f4\u017ee by\u0165 cena projektu men\u0161\u00edch rekon\u0161trukci\u00ed alebo nadstavby bl\u00edzka cene kompletn\u00e9ho projektu novostavby.<\/p>\n<p style=\"text-align: justify;\">V pr\u00edpade jednoduch\u0161\u00edch \u00faprav, napr\u00edklad rekon\u0161trukcia bytu v bytovom dome bez z\u00e1sahu do nosn\u00fdch kon\u0161trukci\u00ed, je cena za posudok pre \u00fa\u010dely ohl\u00e1senia drobn\u00fdch stavebn\u00fdch \u00faprav 100\u20ac.<\/p>\n<p style=\"text-align: justify;\">Realizujeme aj odborn\u00e9 prehliadky stavieb, ich nosn\u00fdch aj nenosn\u00fdch kon\u0161trukci\u00ed pre \u00fa\u010dely zistenia stavu bezpe\u010dnosti a spo\u013eahlivosti v zmysle po\u017eiadaviek \u00a713 ods.3 Z\u00e1kona \u010d.124\/2006 Z.z. o bezpe\u010dnosti a ochrane zdravia pri pr\u00e1ci. V\u00fdsledkom je spr\u00e1va z prehliadky stavby s jej popisom a z\u00e1vermi prehliadky, ktor\u00fa vy\u017eaduj\u00fa In\u0161pektor\u00e1ty pr\u00e1ce. S\u00fa\u010das\u0165ou spr\u00e1vy je aj foto dokument\u00e1cia a n\u00e1vrhy na odstr\u00e1nenie pr\u00edpadn\u00fdch nedostatkov a por\u00fach. Orienta\u010dn\u00e1 cena takejto prehliadky stavieb je 250\u20ac + 0,10\u20ac\/m<sup>2<\/sup> podlahovej plochy. Cena je stanoven\u00e1 pod\u013ea projektovej dokument\u00e1cie objektu poskytnutej objedn\u00e1vate\u013eom a jeho s\u00fa\u010dinnosti pri obhliadke.<\/p>\n<p>&nbsp;<\/p>\n","protected":false},"excerpt":{"rendered":"<p>Stanovenie ceny Pri ur\u010dovan\u00ed ceny pristupujeme individu\u00e1lne ku ka\u017ed\u00e9mu klientovi. Cena je stanoven\u00e1 pod\u013ea zlo\u017eitosti a\u00a0rozsahu projektu. Vych\u00e1dzame z\u00a0cenn\u00edka na v\u00fdpo\u010det ponukov\u00fdch cien projektov\u00fdch pr\u00e1c a\u00a0in\u017einierskych \u010dinnost\u00ed vo v\u00fdstavbe vydan\u00e9ho SKSI, a zo sadzobn\u00edka UNIKA. &nbsp; Orienta\u010dn\u00e1 cena za projekt statiky pre stavebn\u00e9 povolenie (PSP) je 0,3-0,9%. Za realiza\u010dn\u00fd projekt&hellip;<\/p>\n<p class=\"more-link-wrapper\"><a class=\"more-link\" href=\"https:\/\/www.brisbane.sk\/?page_id=121\">Continue<\/a><\/p>\n","protected":false},"author":1,"featured_media":0,"parent":0,"menu_order":0,"comment_status":"closed","ping_status":"closed","template":"page-templates\/template-fullwidth.php","meta":{"footnotes":""},"class_list":["post-121","page","type-page","status-publish","hentry"],"_links":{"self":[{"href":"https:\/\/www.brisbane.sk\/index.php?rest_route=\/wp\/v2\/pages\/121","targetHints":{"allow":["GET"]}}],"collection":[{"href":"https:\/\/www.brisbane.sk\/index.php?rest_route=\/wp\/v2\/pages"}],"about":[{"href":"https:\/\/www.brisbane.sk\/index.php?rest_route=\/wp\/v2\/types\/page"}],"author":[{"embeddable":true,"href":"https:\/\/www.brisbane.sk\/index.php?rest_route=\/wp\/v2\/users\/1"}],"replies":[{"embeddable":true,"href":"https:\/\/www.brisbane.sk\/index.php?rest_route=%2Fwp%2Fv2%2Fcomments&post=121"}],"version-history":[{"count":16,"href":"https:\/\/www.brisbane.sk\/index.php?rest_route=\/wp\/v2\/pages\/121\/revisions"}],"predecessor-version":[{"id":574,"href":"https:\/\/www.brisbane.sk\/index.php?rest_route=\/wp\/v2\/pages\/121\/revisions\/574"}],"wp:attachment":[{"href":"https:\/\/www.brisbane.sk\/index.php?rest_route=%2Fwp%2Fv2%2Fmedia&parent=121"}],"curies":[{"name":"wp","href":"https:\/\/api.w.org\/{rel}","templated":true}]}}